6/120 + o**5/60 - o**4/12 + 13*o**3/6 + 7*o. Let i(z) be the second derivative of p(z). Calculate i(-2).
-10
Let s(j) = 5*j - 5. Suppose -11*b - 9*b - 160 = 0. Determine s(b).
-45
Let s(l) = 2*l - 1. Let n(w) = w**2 + 2*w - 51. Let p be n(-8). What is s(p)?
-7
Let p(l) be the second derivative of -l**3/3 - 5*l**2/2 + 323*l. Give p(8).
-21
Let u(v) = -82*v - 46*v + 132*v - 2. Calculate u(-9).
-38
Let f be -2*(-8 - -2)/(-2) - -3. Let d(t) = t**2 + 2*t + 2. Determine d(f).
5
Let s(j) = -j**2 - j + 1. Let h(g) = g**3 - 6*g**2 + 2*g + 6. Let l be h(3). Let q be -1*(-4 + l/(-3)). What is s(q)?
1
Let c = -8 - -12. Suppose -l - c*l + 20 = -2*y, 16 = 3*l - 2*y. Suppose -a + l = 1. Let d(z) = 12*z + 1. Calculate d(a).
13
Suppose 4*y + 1 = 9. Let n(a) = 0*a - a - 6 + y - a. Suppose -2*l + 2 = 0, 11 = -2*o + 5*l - 0*l. Calculate n(o).
2
Let u = 2 + 8. Let j(w) = -8*w + 4. Let h be j(3). Let v be u*((-32)/h)/4. Let k(r) = -r. Give k(v).
-4
Let a(k) = -k**2 + 5*k - 1. Let v = 0 + 5. Suppose -v*q = -y - 27 + 6, -13 = -2*q + 5*y. What is a(q)?
3
Let f = 1038 - 1035. Let y(l) be the first derivative of -5*l + 1/3*l**f - 3/2*l**2 - 5. Determine y(5).
5
Let x(j) = 3*j**2 + 1. Let v(n) = -8*n - 106. Let l be v(-13). Determine x(l).
13
Let r = -19 - -24. Suppose -r*y + 5 = 30. Let j(l) = l. Let f(d) = d - 3. Let u(m) = -f(m) + 2*j(m). Give u(y).
-2
Let s(o) = o + 1. Let g(n) = 7*n - 11. Let z(k) = -g(k) + 6*s(k). Calculate z(0).
17
Suppose -4*w + 20 = 4*l - 8, 5*w - 29 = l. Suppose -w = -3*o - 18, -4*m + 44 = -5*o. Let b(a) = 1 + 0*a**2 + 114*a + a**3 - 108*a - 7*a**2. What is b(m)?
1
Let j(g) = -g**3 - 3*g**2 + 4*g - 1. Let p = -8 + 13. Let s = -30 - -30. Suppose -p*i + s - 20 = 0. Give j(i).
-1
Let b(x) = x + 7. Suppose -2*r - 9*s + 7*s + 6 = 0, 2*r - 3*s = -9. Calculate b(r).
7
Let o be -4 + (-5 + 6)*(1 - 3). Let l(t) = 3*t - 7. What is l(o)?
-25
Let d(j) = -j**3 + j**2. Let z(g) = -3*g**3 + 10*g**2 + 6*g + 6. Suppose -2*c - 2*u + 6 = -0*u, -3*c + 4*u = 19. Let w(r) = c*z(r) + 4*d(r). Determine w(-5).
-1
Let v = 22 + -18. Suppose 0 = -v*n + 9*n + 25. Let a(k) be the third derivative of k**4/24 + 7*k**3/6 - k**2. Determine a(n).
2
Suppose 12 = 5*i - 0*i + x, -3*i + 2*x = -2. Let m(z) = z**3 - 47*z - 9*z**2 - i + 38*z - 12. Calculate m(10).
-4
Let b = -4 - -7. Let k = -97 + 100. Let x(u) = -b*u - k*u + u. Determine x(-2).
10
Let q(g) = g**3 - 5*g**2 - 7*g + 4. Let k(x) = 1. Let o(j) = 1. Let z(s) = 4*k(s) - 5*o(s). Let n(l) = -q(l) + 3*z(l). Suppose -1 - 5 = -y. Calculate n(y).
-1
Suppose 3*x = 3*p + 12, 3*x + 2*x - 8 = -p. Let c(n) = 2 + 4*n + 4 - n**3 - 7 + 2*n**x. Give c(3).
2
Let l(d) = -28*d**2 + d**3 + 3 + 12*d**2 + 7*d**2 + 5*d + 0*d**2. What is l(8)?
-21
Let d(f) = -4*f + 23. Let j be d(5). Suppose 0 = u + 1, 3 + 10 = -j*x + 5*u. Let s(z) = -z**3 - 5*z**2 + 8*z - 1. What is s(x)?
-13
Let b(p) = 6*p + 8. Let a(z) = z**3 + 14*z**2 + 2*z + 13. Let q be a(-14). Give b(q).
-82
Suppose -5*u - 6 = -7*u. Suppose -n + u*l - 4 = 0, n + 2*l + 9 = -0*l. Let a(f) = -f**3 - 7*f**2 + f + 4. Give a(n).
-3
Let r(v) = 3*v + 26. Let f be (-243)/18 - (12/(-8) - -1). What is r(f)?
-13
Let u = 12 - 9. Suppose -t = u*t - 32. Let s(m) = 1 - 10*m - 5*m - t*m + 22*m. Determine s(-3).
4
Let s(g) = g**3 - 14*g**2 - g + 17. Let v be s(14). Let u(r) = 8*r**3 + r - r**2 + 7*r**3 - 17*r**v + 3*r**3. Give u(1).
1
Let t(h) = -h**2 - 2*h - 1. Let s be (-24)/40 - 2/5. What is t(s)?
0
Let q = 19 + -14. Suppose q = -4*o + 17. Let v(k) = -o - 2 + 3 - 5*k + 3 + k**2. Determine v(5).
1
Let i(j) be the first derivative of j**3/3 + 17*j**2/2 + 17*j - 92. Calculate i(-15).
-13
Let v(q) = 15*q - 2. Let w be v(1). Let k(h) = -3*h + w*h - 5*h - 3. Determine k(2).
7
Let s(p) be the first derivative of p**3/3 - 7*p**2/2 + 5*p - 108. Let n be (15 - 0)/3 - -2. What is s(n)?
5
Let p(o) be the second derivative of 0 + 0*o**2 + 19*o - o**3 - 1/12*o**4. Give p(-5).
5
Let a(s) be the third derivative of -s**4/12 + 11*s**3/2 - s**2 + 650. Calculate a(21).
-9
Let j(i) = 5*i - 1. Let m(k) = -6*k**2 - 29*k + 3. Suppose -2*p = -3*x - 5, 12 = -4*p + x - 3. Let h be m(p). Determine j(h).
-11
Let i(k) = -2*k**2 + 3*k + 20. Let v(r) = 8*r**2 - 13*r - 77. Let n(x) = 15*i(x) + 4*v(x). Calculate n(6).
22
Let x(q) = 3*q - 1. Let l be x(11). Let k be ((-7)/(-4))/(8/l). Let p(i) = i + 6. Let w(y) = -y - 6. Let r(n) = k*p(n) + 6*w(n). Calculate r(-6).
0
Let i be ((0 + 1)*1)/(1 - 2). Let x(k) = 4*k**3 + k**2 - 2*k - 2. Let j be x(i). Let u(p) = -p**3 - 3*p**2 - p + 3. Give u(j).
6
Let i(y) = y**3 - 5*y**2 + y**3 - y**3 + 0 - 6*y + 4. Let g be i(6). Let u(w) = 0*w - 5*w**2 + 0*w - 3 + w**3 + 6*w. Give u(g).
5
Let j(g) = -1 - 8*g - 2*g**2 + 9*g + g**2. Let a = -39 + 40. What is j(a)?
-1
Suppose 0*o + 3*o + 15 = 0. Let d(h) be the third derivative of -h**6/120 - h**5/15 + 7*h**4/24 + h**3/6 - 2*h**2 - 69*h. Calculate d(o).
-9
Let q(i) = -3*i**2 - i - 8. Let b(x) = 4*x**2 + x + 9. Suppose 0 = -o + 6 - 3. Let w(r) = o*q(r) + 2*b(r). Determine w(0).
-6
Let q(j) = -j**3 - j**2 + 7*j + 5. Let h be q(-3). Let a(m) be the first derivative of -10 - 4/3*m**3 - h*m - 1/4*m**4 + 0*m**2. Calculate a(-4).
-2
Let u(k) = -12 + 12 - 5*k**2 - 6*k**3 + 2*k + 7*k**3. Let d = 9 - 4. Determine u(d).
10
Let a = -61 + 60. Let y be a*3*(4/(-12) + -1). Let i(d) = d**3 - 3*d**2 - 4*d + 3. Determine i(y).
3
Let n(v) = 2*v**3 - 8*v**2 + 10*v + 2. Let u(k) = 3*k**3 - 9*k**2 + 12*k + 1. Let f(b) = -4*n(b) + 3*u(b). Give f(-6).
-17
Let r be 1/(-5) - 29/5. Let l(g) = 0*g - 2257 - 2266 - 2*g + 4528. Give l(r).
17
Let w(v) = -v + 16*v - 17*v - 4. Calculate w(3).
-10
Let n be (-342)/(-26) - 8/52. Let a = 7 - n. Let g(i) = i**2 + 4*i + 4. Determine g(a).
16
Let d be (-10 - 0)/(-2 + 0). Let l(x) = x**3 + x**2 - x + 2. Let y be l(-2). Let i = y + d. Let j(o) = o**3 - 4*o**2 - 6*o - 5. Calculate j(i).
-10
Let x = 315 - 323. Let a(g) = -g**3 - 7*g**2 + 10*g + 12. What is a(x)?
-4
Let z = 0 - 0. Suppose -3*a + z*a - 3 = 0. Let b(w) = -3*w**2. Let k(p) = -p**2. Let q(u) = -3*b(u) + 2*k(u). Determine q(a).
7
Let a(f) = f**3 - 8*f**2 - 22*f + 24. Let t = 1404 + -1394. Give a(t).
4
Let j(f) be the second derivative of f**8/1680 - f**4/4 + 4*f. Let o(s) be the third derivative of j(s). Suppose -3*k + 3 = -0*k. Calculate o(k).
4
Let r(m) = -4 + 2*m**2 - 6*m + 7 + 3*m + 2*m**2. Suppose -7 = -3*s - x, 3*s - 2 = x + 3*x. Calculate r(s).
13
Let t(j) = -j**2 - 2*j + 1. Let u(x) = x**2 + 3*x - 2. Let c(y) = 3*t(y) + 4*u(y). Give c(-5).
-10
Let n = 4 + 3. Let o(l) = -1 + 1 + 2 + l + 3. Let r(t) = 1. Let k(m) = 2*o(m) - 18*r(m). Calculate k(n).
6
Let n(p) = p - 1. Suppose -9 = -2*y - 3*q, -4*y + 33 = y + 4*q. Suppose y*k - 48 = k. What is n(k)?
5
Let s(y) = 7*y**3 + 11*y + 2. Let k(v) be the second derivative of -v**5/5 - v**3 - v**2/2 + 14*v. Let h(d) = 11*k(d) + 6*s(d). Give h(1).
-1
Suppose 3*j - 12 = 0, -2*j - 2*j + 36 = 2*a. Let m = a + -8. Let h = m + -5. Let u(n) = n**2 - 4. Calculate u(h).
5
Let n(h) be the second derivative of h**6/120 + h**5/10 - h**4/12 + 2*h**3/3 + 13*h**2/2 - 37*h. Let t(w) be the first derivative of n(w). What is t(-6)?
16
Let z = -26 - -31. Suppose -6 = -3*j - 0. Let b(v) = j*v + 3 - 2*v - 1 - v. Calculate b(z).
-3
Let d(j) be the third derivative of 1/12*j**5 + 0 + 1/120*j**6 - 23*j**2 + 0*j + 0*j**3 - 1/3*j**4. Calculate d(-6).
12
Let v(r) = -r**2 - 2*r - 2 - 5 - 2*r - 3*r. Let y be v(-5). Let d(s) = -5*s**3 - 3 - 5*s**2 + 4*s + 4*s**3 - y*s. Determine d(-5).
-8
Let x(b) = 4*b + 2*b + 2*b - 5*b - 3. Determine x(8).
21
Suppose 2*o + 8 = -3*o + 4*l, 29 = -5*o - 3*l. Suppose 3*a + 9 = 6*a. Let d(h) = h**3 + 18*h**2 + 20*h**2 + a*h - 33*h**2 - 3. Determine d(o).
1
Let w = -11 + 7. Let u(j) be the third derivative of -1/24*j**4 + 1/6*j**3 - 7*j**2 + 0 + 0*j. Determine u(w).
5
Let i(c) be the first derivative of -c**3/3 + 2*c**2 + 7*c - 1. Let k(u) = 3*u**2 + 32*u + 2. Let v be k(-10). Let h be ((-3)/v)/((-9)/(-270)). Give i(h).
2
Let d(r) = -2*r**3 - r**2 + 14*r + 1. Let y(w) = 5*w**3 + 10*w**2 - 41*w + 1. Let p(j) = 3*d(j) + y(j). Let x be (4/6)/(6/63). Determine p(x).
11
Let f(j) = -2*j + 2. Let a(r) = -3*r + 1. Suppose -3*u - 5*z + 14 = -3*z, -5*u = -4*z - 16. Let d(i) = u*f(i) - 3*a(i). Calculate d(-6).
-1
Let y(g) be the third derivative of -g**